e highest common factor of 1196 and 1152151?
13
What is the greatest common factor of 124852 and 12103?
637
Calculate the greatest common divisor of 74886 and 4969221.
5349
Calculate the highest common divisor of 16282 and 111573568.
2326
What is the highest common factor of 10418051 and 212?
53
What is the greatest common divisor of 813060 and 1940?
20
What is the greatest common factor of 4875002 and 21016?
142
Calculate the greatest common factor of 4278 and 13752.
6
What is the greatest common factor of 65 and 514563517?
13
Calculate the greatest common factor of 2697 and 26391044.
899
Calculate the greatest common divisor of 26034615 and 30.
15
Calculate the highest common factor of 71799232 and 7608.
2536
Calculate the highest common divisor of 97968 and 9858972.
1884
Calculate the greatest common factor of 6615056 and 105.
7
Calculate the greatest common divisor of 1023756 and 8.
4
What is the highest common factor of 25394304 and 14976?
4992
Calculate the highest common divisor of 66665734 and 317.
317
Calculate the highest common factor of 7900738 and 3053.
71
What is the greatest common divisor of 27959 and 103027?
383
Calculate the highest common divisor of 355080010 and 110.
10
What is the highest common divisor of 5369 and 37772567?
413
What is the greatest common factor of 91934465 and 175?
35
Calculate the highest common divisor of 4954720245 and 2715.
2715
Calculate the greatest common divisor of 19494 and 87394490.
722
Calculate the greatest common factor of 26982 and 62676.
18
What is the greatest common factor of 590960 and 3735?
415
Calculate the greatest common divisor of 32783160 and 360.
120
Calculate the highest common divisor of 20960 and 226892.
524
Calculate the highest common divisor of 7155 and 28236015.
2385
What is the greatest common factor of 29103768 and 8856?
2952
What is the greatest common divisor of 3078 and 64182?
114
What is the highest common factor of 29216 and 2992?
176
What is the highest common divisor of 1406893 and 2850?
19
Calculate the greatest common factor of 136848412 and 684.
76
What is the greatest common divisor of 348 and 1493148?
12
Calculate the highest common factor of 1849 and 12900.
43
What is the highest common factor of 562977684 and 268?
268
Calculate the highest common divisor of 684816 and 4.
4
What is the greatest common divisor of 11 and 181967588?
11
Calculate the highest common factor of 449 and 5200.
1
Calculate the greatest common divisor of 4378717 and 184.
23
Calculate the highest common factor of 33922 and 34426.
14
What is the highest common factor of 311213768 and 7942?
722
Calculate the highest common divisor of 330 and 2114430.
30
What is the highest common factor of 8913360 and 17040?
240
What is the highest common factor of 3492 and 180144?
36
Calculate the highest common factor of 53349820 and 4.
4
Calculate the highest common divisor of 9365460 and 14040.
780
Calculate the highest common divisor of 361555 and 243820.
835
Calculate the greatest common factor of 22260648 and 641.
641
Calculate the highest common factor of 19796 and 335926.
202
What is the greatest common factor of 207 and 1630747449?
207
Calculate the greatest common factor of 311 and 2174512.
311
Calculate the highest common divisor of 17 and 1303659943.
17
Calculate the greatest common divisor of 1256 and 289606.
2
What is the greatest common factor of 35 and 7957551?
7
What is the greatest common divisor of 72410 and 46358?
26
What is the greatest common divisor of 333 and 59949768?
111
Calculate the greatest common divisor of 88963384 and 2324.
332
What is the greatest common factor of 19928 and 1787504?
376
Calculate the greatest common divisor of 21448 and 338464.
56
Calculate the highest common divisor of 101101 and 616.
77
What is the greatest common factor of 253 and 10370539?
23
What is the highest common factor of 20604 and 791724?
204
What is the greatest common divisor of 575 and 54234575?
575
Calculate the greatest common divisor of 7114005 and 69285.
2235
Calculate the highest common divisor of 78528 and 23317908.
4908
Calculate the greatest common factor of 61236 and 525.
21
Calculate the highest common divisor of 147 and 9340653.
21
Calculate the highest common divisor of 1266012 and 126768.
1668
What is the greatest common divisor of 12640131 and 315?
63
What is the greatest common divisor of 1445456 and 51728?
976
Calculate the highest common divisor of 3895 and 4276425.
95
What is the greatest common factor of 14 and 14236642?
14
Calculate the greatest common factor of 4723240 and 220.
20
What is the greatest common divisor of 17005 and 2998966?
179
Calculate the greatest common divisor of 153046726 and 5761.
5761
Calculate the greatest common factor of 304427 and 809381.
1039
Calculate the highest common divisor of 45493794 and 2469.
2469
What is the highest common factor of 1634 and 63943322?
1634
What is the greatest common divisor of 982 and 173492395?
491
What is the highest common factor of 18509711 and 77?
11
Calculate the highest common divisor of 176 and 7986880.
176
What is the greatest common factor of 9204671 and 581?
7
What is the greatest common divisor of 5305544 and 2326516?
3884
Calculate the highest common divisor of 21416086 and 3756.
626
What is the highest common divisor of 216543 and 77421?
393
Calculate the highest common factor of 11473 and 28336.
77
What is the highest common divisor of 4968 and 1578096?
216
Calculate the greatest common divisor of 9075 and 525624.
363
What is the highest common divisor of 459893 and 119?
7
Calculate the greatest common factor of 1453275 and 27675.
675
What is the greatest common factor of 1444927 and 143?
11
What is the highest common divisor of 653459968 and 672?
224
What is the highest common factor of 11953363 and 1275?
17
Calculate the highest common factor of 3528497 and 9597.
3199
Calculate the greatest common factor of 2 and 430831.
1
Calculate the highest common factor of 429218824 and 276.
92
Calculate the highest common divisor of 56770392 and 448.
56
What is the highest common factor of 2383930 and 2?
2
Calculate the highest common factor of 910584465 and 12390.
6195
Calculate the greatest common factor of 150463 and 8.
1
What is the greatest common factor of 76 and 103181476?
76
Calculate the greatest common factor of 35475138 and 27350.
1094
Calculate the greatest common divisor of 3096323304 and 472.
472
What is the greatest common factor of 15267565 and 14735?
2105
Calculate the greatest common factor of 5481 and 25800201.
189
Calculate the greatest common factor of 253594326 and 8937.
993
What is the greatest common factor of 520375 and 543?
181
Calculate the greatest common factor of 1448844 and 9.
3
Calculate the greatest common divisor of 5350 and 3174375.
25
What is the greatest common divisor of 41352 and 31835871?
5169
Calculate the highest common factor of 1443 and 7422311.
481
Calculate the greatest common divisor of 1115720 and 59880.
40
What is the greatest common factor of 7040748 and 1352?
52
What is the highest common factor of 15455 and 3194180?
55
What is the highest common factor of 448 and 55194762?
14
Calculate the greatest common divisor of 309 and 469324238.
103
Calculate the greatest common divisor of 123288 and 3300.
132
What is the highest common factor of 53156 and 16346840?
548
Calculate the highest common factor of 28743 and 37609.
143
What is the highest common divisor of 749391238 and 3508?
1754
What is the highest common divisor of 125118 and 7022862?
378
What is the greatest common factor of 5727591 and 18?
9
Calculate the greatest common factor of 3480 and 9425116.
116
What is the highest common factor of 57945547 and 2013?
671
What is the highest common factor of 4648356 and 612?
36
What is the highest common factor of 5381 and 5292?
1
What is the highest common divisor of 1579353 and 7510?
751
Calculate the greatest common divisor of 21980 and 466620.
140
Calculate the highest common divisor of 1674420 and 44290.
430
Calculate the highest common factor of 5879076 and 47311.
391
What is the highest common divisor of 101988 and 1008252?
36
What is the greatest common factor of 296 and 339090422?
74
Calculate the highest common factor of 308 and 95254684.
28
Calculate 